
Let c(p) = -1968*p**3 - 6*p**2 - 12*p - 4. What is the units digit of c(-1)?
0
Let a(l) = -6*l + 4. Let i be a(-4). Let g = -25 + i. Suppose -2*q + 2 = 0, g*d - 5*q = 80 + 89. What is the tens digit of d?
5
Suppose 5*f - 2*h + 3400 = 21335, 0 = -3*h - 15. What is the tens digit of f?
8
Suppose 5*g + 2*v = -7, 0 = -3*g + 4*v - 7*v - 6. Let i(w) = -89*w**3 - 2*w - 1. Let u be i(g). Suppose -u = -6*s + 192. What is the units digit of s?
7
Suppose m = -1 - 4, -29 = 2*p - m. Let j be (-8)/12 - (-250)/6. Let y = p + j. What is the units digit of y?
4
Suppose 0 = 2*s - 5*s + 12. Suppose 0*n - s*n + 256 = 0. Suppose v = 5*v - n. What is the tens digit of v?
1
Let f(j) = -j**3 + 15*j**2 - 13*j - 17. Suppose -4*l - 18 = -3*k + 4, -5*l = 4*k - 81. Let g be f(k). What is the units digit of 48*(g - (-3 - 1))?
8
Suppose 4*q + 4*i - 304 = 0, 3*q + 4*i + 296 = 7*q. What is the units digit of (-4)/(-6) + (-5)/(q/(-710))?
8
Let q(p) = -p**3 - 4*p**2 + 18*p + 3. What is the tens digit of q(-9)?
4
Suppose 0 = 5*s + 3*w - 15, 10 = 5*s - 4*w - 5. Suppose y + 131 = 5*h, 0 = s*h + 2*h - 2*y - 127. What is the units digit of h?
7
Let w(z) = -10*z + 42. What is the tens digit of w(-6)?
0
What is the units digit of -6*(1/(-2))/(81/74142)?
6
What is the units digit of 2/7 + 2172/42?
2
Let o = -56 - -55. What is the units digit of ((-10)/(-16)*-4)/(o/50)?
5
Suppose -222*m - x = -223*m + 3723, -14860 = -4*m - 4*x. What is the tens digit of m?
1
What is the tens digit of -3 + (-12)/((-12)/1981)?
7
What is the hundreds digit of ((-142)/(-3))/((-370)/(-45) - 8)?
2
Suppose 4*z - i = 3101, 5*i + 27 = 2*z - 1546. What is the tens digit of z?
7
Suppose 2*h - s + 32 = 0, 2*s + 15 = -4*h - 65. What is the tens digit of 10/(-45) + (4 - 2254/h)?
2
Let c(l) = -3*l - 7. Let n = -29 - -24. Let d be c(n). Let a(u) = -u**2 + 11*u + 4. What is the units digit of a(d)?
8
Let i = -41 + 250. What is the tens digit of i?
0
Let d(q) = -7*q**2 + q. Let b be d(-1). Let a(t) be the first derivative of t**3/3 - t**2 - 10*t + 8. What is the units digit of a(b)?
0
Let c be 40/12 - (-4)/(-3). Suppose 0 = 3*o - c*o. What is the tens digit of (9/(-6) + o)*-16?
2
Suppose 0 = -5*y + 3*v + 9018, -28*y = -26*y + 5*v - 3632. What is the thousands digit of y?
1
Suppose -8581 = -4*s + 10235. What is the tens digit of s?
0
Let s(z) = 2*z**2 - 16*z + 8. Let q be s(11). Let f = 122 + q. What is the hundreds digit of f?
1
Suppose -2*b = 2*j - 8, -j = -2*j - 2*b + 6. What is the units digit of 3/((-42)/581)*j*-1?
3
Suppose -13*q + 9741 + 1972 = 0. What is the hundreds digit of q?
9
Let i be (-1 + 0 - (5 - 6))/(-1). Let b(z) = -z + 31. What is the tens digit of b(i)?
3
Let s be (72/10)/((-33)/110). Let d(f) = f**3 - f**2 - f - 13. Let o be d(0). Let i = o - s. What is the tens digit of i?
1
Let n be 5 - 8/(48/18). Let r = 23 - 14. Let h = r + n. What is the tens digit of h?
1
Let v(j) = 74*j - 2. Suppose -6 = -4*l - 2. What is the units digit of v(l)?
2
Suppose 6*o - o = 40. Let w(d) = d**3 - 7*d**2 - 8*d. Let r be w(o). Suppose 5*m + r*m - 4*h = 1, -4*h + 4 = 0. What is the units digit of m?
1
Let m(l) = 2*l**2 - 6*l + 2. Suppose 12 = -10*s + 12*s. Let f be ((-2)/s)/((-9)/135). What is the units digit of m(f)?
2
Suppose 43326 = 24*b - 36618. What is the units digit of b?
1
Suppose -3*o = 380 - 53. Let m = o - -273. What is the tens digit of m?
6
Suppose 0 = 4*i + 5*z + 101 - 5607, 0 = 3*i + z - 4135. What is the tens digit of i?
7
Let f be (-126)/(-4)*10/(-45)*-3. Suppose m - 18 - f = 0. What is the units digit of m?
9
Let z be -2 - (-18)/(2 + 1). Suppose -z*v - v - 5*b + 40 = 0, 2*v - 17 = -b. Let c = v - 6. What is the units digit of c?
3
Suppose -5*s + 540 = -12*n + 15*n, 0 = 3*n - 5*s - 540. What is the units digit of n?
0
Let y be (92/6)/((-2)/3). Let w = y - -75. What is the tens digit of w?
5
Let d(v) = v**2 + 2*v + 3. Let o be d(0). Suppose 0 = 5*l, -o*a - 5*l = -6*a + 150. What is the units digit of a?
0
Let m(j) = -2*j**3 - 10*j**2 + j - 44. What is the hundreds digit of m(-10)?
9
Let u = -10 + 19. Let g = u - -6. What is the tens digit of g?
1
Suppose -3*v = -5*n + 1498, 2*n - 4*v + 40 = 628. What is the hundreds digit of n?
3
What is the hundreds digit of 3*(-5)/(105/(-9233))?
3
What is the tens digit of 481 + 4 - (-6 + -1)?
9
Let x(m) = -m**2 - 5*m + 7. Let y be x(-5). Suppose y = z - 23. Suppose -z = -3*i - 9. What is the units digit of i?
7
Suppose 6*u - 2412 = -0*u. What is the tens digit of u?
0
What is the tens digit of -2 + 21/9 + 7719/9?
5
Let m = 58 + -39. Suppose -154 = -5*u + 3*j, j = u - 13 - m. What is the units digit of u?
9
Let b(d) = 3*d + 2. Suppose -r + 10 = 2*a + 1, -4*a + 21 = -r. Let q be b(a). Let l = 41 + q. What is the tens digit of l?
5
Let c(l) = -l**2 - 4*l - 9. Let t be c(-8). Let d = -22 - t. Suppose -2*o = -g + 3 - d, -o = 2*g + 2. What is the units digit of o?
6
Let f(d) be the first derivative of d**3 + d**2 + 2*d - 1. Let c(z) = z**3 - 7*z**2 + 8*z - 14. Let m be c(6). What is the units digit of f(m)?
0
Let j(c) be the second derivative of 5*c**3/6 - 3*c**2 - 4*c. Let a be j(4). What is the units digit of ((-7)/a)/(2/(-88))?
2
Let n(w) = -499*w**3 + 5*w + 3. What is the units digit of n(-1)?
7
Let p = 83 - -5. What is the units digit of p?
8
Suppose 8 = -0*k + 4*k. Suppose -k*y + 48 + 18 = 0. What is the tens digit of y?
3
Suppose -12 = -6*n + 6. Suppose -3*c + 25 = 15*u - 13*u, 3*c = n*u + 45. What is the tens digit of c?
1
Let r = -11 + 6. Let j(u) = 9*u - 22. Let b be j(6). Let i = b + r. What is the tens digit of i?
2
Let u be (0 - 6)*(-1)/3. Let n(s) = 4*s + 20*s**2 - 5*s - 1 - 10*s**2 - u. What is the units digit of n(-2)?
9
Suppose -5*f - 26*f = -90520. What is the hundreds digit of f?
9
Let o = 0 + 4. Suppose i = -v + o, -2*v - 3*i - 2 + 10 = 0. Let y = v + 22. What is the tens digit of y?
2
Let o = -29 + 33. Let p = 23 + o. What is the units digit of p?
7
Let b be (23 + 1)/(2/4). Suppose 14*u - 10*u + b = 0. What is the units digit of ((-6)/3)/4*u?
6
Let o be (3 - 20/8)*-12. Let z be (-2 + 0)*o/4. Suppose 3*f - 4*x - 48 - 51 = 0, -4*f - z*x = -157. What is the units digit of f?
7
What is the units digit of (168/(-49) - -3) + (-6544)/(-14)?
7
Let l(i) = 2*i - 17. Let y be l(8). Let p(s) = -28*s**3 - s. What is the units digit of p(y)?
9
Let k(w) be the first derivative of 10*w**3/3 + w**2 + w + 1. Let b = -20 + 19. What is the units digit of k(b)?
9
Let h = 72 + 37. Suppose 2*r - 86 + 33 = -3*k, -4*k + 5*r = -h. Let u = k + -10. What is the units digit of u?
1
Let c be 1 - 33/(-4) - 63/(-84). Suppose -128 = -c*g + 62. What is the tens digit of g?
1
Suppose -12 = -12*b + 10*b. What is the tens digit of (-2412)/8*b/(-9)?
0
What is the hundreds digit of 41*1/((-9)/(-711))?
2
Let j(m) = -m**2 + 41*m - 6. What is the units digit of j(4)?
2
Suppose -158*k + 161*k - 1350 = 0. What is the units digit of k?
0
Suppose 4*q - 16 = -2*k + 6*k, 2*k + 10 = 3*q. Suppose q*u = i - 70, -3*i + 4*u + 216 = -0*i. What is the tens digit of i?
7
Suppose 2*m - 8 = 18. Let l(d) = -3*d**2 + 13*d + 16. Let r(f) = 10*f**2 - 39*f - 47. Let c(n) = 7*l(n) + 2*r(n). What is the units digit of c(m)?
8
Let l = -13 + 11. What is the units digit of (l - 23/(-2))*6?
7
Suppose 0 = y - 24 + 1. Suppose -726 = y*v - 29*v. What is the tens digit of v?
2
What is the units digit of 7/63 + 269/9?
0
Suppose -4*n + 2*w = 10, 1 = n - 5*w + 8. Let o be ((-1)/(-2))/(n/(-36)). Let k = o + -5. What is the units digit of k?
4
What is the hundreds digit of -15*((-10416)/36 - -12)?
1
Suppose -1155 = 9*u - 4*u. Let d = u + 341. What is the units digit of d?
0
Let l be (-2)/(1 + -5)*12. Let h = -81 + 100. Suppose l = z - h. What is the tens digit of z?
2
Suppose -n = 5*n - 1536. What is the units digit of n?
6
Suppose -5*r - 4*o + 216 = 0, 2*r - 6*o = -5*o + 89. What is the tens digit of r?
4
Let b(u) = 2*u**3 - 8*u**2 + 7*u - u**3 + 2*u - 14. Let p be b(7). What is the units digit of p - (0 + (-1 - 0))?
1
Suppose -4*k = -5*y + 11615, -101*y + 99*y = 2*k - 4664. What is the units digit of y?
7
Let k = 18 - -102. Let g = -83 + k. What is the tens digit of g?
3
Let d(k) be the third derivative of k**6/120 - 4*k**5/15 - k**4/3 + 7*k**2. Let a be d(16). What is the units digit of (a/12)/((-2)/3)?
6
Let l(x) be the se